{"id":9,"date":"2023-07-04T15:24:04","date_gmt":"2023-07-04T15:24:04","guid":{"rendered":"https:\/\/extrepvc.com\/?page_id=9"},"modified":"2023-07-04T16:44:56","modified_gmt":"2023-07-04T16:44:56","slug":"aviso-legal","status":"publish","type":"page","link":"https:\/\/extrepvc.com\/index.php\/aviso-legal\/","title":{"rendered":"Aviso Legal"},"content":{"rendered":"<p><strong>Aviso legal \u2013 Condiciones Generales de Uso<\/strong><\/p>\n<p><strong>1. Introducci\u00f3n.<\/strong><\/p>\n<p>El presente documento tiene como finalidad el establecer y regular las normas de uso del Sitio https:\/\/www.extrepvc.com (en adelante el \u00abSitio\u00bb), entendiendo por Sitio todas las p\u00e1ginas y sus contenidos propiedad de Israel Portero Guti\u00e9rrez (ExtrePVC) a las cuales se accede a trav\u00e9s del dominio https:\/\/www.extrepvc.com y sus subdominios.<\/p>\n<p><strong>2. Titularidad del Sitio Web.<\/strong><\/p>\n<p>El titular del presente Sitio es Israel Portero Guti\u00e9rrez (ExtrePVC) con domicilio en C\/JORNALEROS N\u00ba 21, 06100, Olivenza, BADAJOZ y CIF: 8856519R<\/p>\n<p>Ud. puede ponerse en contacto con nosotros en los Tfnos: 722425653 \u00f3 695663824, o por e-mail: extrepvc@gmail.com<\/p>\n<p><strong>3. Condiciones de acceso.<\/strong><\/p>\n<p>La utilizaci\u00f3n del Sitio, supone la aceptaci\u00f3n plena por el Usuario de estas condiciones, por lo que si no est\u00e1 de acuerdo con el contenido de las mismas deber\u00e1 abstenerse de hacer uso de la web, as\u00ed como de los servicios ofrecidos en ella. Israel Portero Guti\u00e9rrez (ExtrePVC) se reserva el derecho a efectuar las modificaciones que estime oportunas, pudiendo modificar, suprimir o incluir, sin previo aviso, nuevos contenidos y\/o servicios, as\u00ed como la forma en que \u00e9stos aparezcan presentados y localizados y las condiciones de uso de la web.<\/p>\n<p>El Usuario acepta que el acceso y uso de la web y de los contenidos incluidos en la misma tiene lugar libre y conscientemente, bajo su exclusiva responsabilidad, y en consecuencia se compromete a:<\/p>\n<p>\u2013 No utilizar la web para la realizaci\u00f3n de actividades contrarias a la ley, a la moral, al orden p\u00fablico, en general, y hacer un uso l\u00edcito y honrado conforme a las presentes Condiciones Generales, as\u00ed como abstenerse de realizar cualquier acto que pudiera da\u00f1ar, inutilizar, sobrecargar o deteriorar la web y\/o impedir el normal uso y utilizaci\u00f3n por parte del resto de Usuarios.<\/p>\n<p>\u2013 No manipular o alterar cualquier contenido de la web sin el consentimiento expreso y por escrito de su titular. Cualquier alteraci\u00f3n, modificaci\u00f3n o manipulaci\u00f3n sin el consentimiento de su titular, exime a su \u00e9ste de responsabilidad alguna.<\/p>\n<p>\u2013 No reproducir, copiar, distribuir, comunicar p\u00fablicamente, transformar o modificar los contenidos, a menos que se cuente con la preceptiva autorizaci\u00f3n del titular de los correspondientes derechos o ello resulte legalmente permitido; as\u00ed como suprimir, eludir o manipular el Copyright y dem\u00e1s datos identificativos de los derechos de Israel Portero Guti\u00e9rrez (ExtrePVC) o de sus titulares incorporados a los contenidos, as\u00ed como los dispositivos t\u00e9cnicos de protecci\u00f3n, o cualesquiera mecanismos de informaci\u00f3n que pudieren contener los rese\u00f1ados contenidos.<\/p>\n<p>\u2013 No introducir o difundir en la web programas de datos (virus o cualquier tipo de software de car\u00e1cter nocivo) susceptibles de provocar da\u00f1os en la web.<\/p>\n<p>Israel Portero Guti\u00e9rrez (ExtrePVC) no garantiza la disponibilidad y continuidad de la web ni se hace responsable de cualesquiera da\u00f1os y perjuicios puedan producirse, ni de los defectos t\u00e9cnicos, incluidos virus u otros elementos lesivos, cualquiera que sea la naturaleza, derivados del uso de la informaci\u00f3n y de las materias contenidas en la web.<\/p>\n<p><strong>4. Uso de cookies.<\/strong><\/p>\n<p>Con el objeto de prestar un mejor servicio, puede que Israel Portero Guti\u00e9rrez (ExtrePVC) llegue a almacenar en el ordenador del Usuario peque\u00f1os ficheros de informaci\u00f3n denominados cookies, los cuales pueden ser utilizados para el correcto funcionamiento de algunos de los servicios que se ofrecen, as\u00ed como para realizar estad\u00edsticas de uso, diagnosticar problemas en la web, y para la administraci\u00f3n de algunos de los servicios ofrecidos. En caso de utilizar cookies ser\u00e1 establecido en una pol\u00edtica independiente que figurar\u00e1 en el mismo lugar que el resto de informaci\u00f3n legal de https:\/\/www.extrepvc.com<\/p>\n<p>Para limitar o restringir la admisi\u00f3n de cookies en su equipo, el Usuario puede configurar su navegador a estos efectos.<\/p>\n<p><strong>5. Responsabilidades.<\/strong><\/p>\n<p>El Usuario responder\u00e1 de los da\u00f1os y perjuicios de toda naturaleza que Israel Portero Guti\u00e9rrez (ExtrePVC) o cualquier tercero pueda sufrir como consecuencia del incumplimiento de cualquiera de las obligaciones a las que queda sometido por las presentes Condiciones Generales.<\/p>\n<p>Israel Portero Guti\u00e9rrez (ExtrePVC) no asume ninguna responsabilidad ni realiza ning\u00fan control sobre los posibles hiperv\u00ednculos que contenga la web a contenidos externos a la misma; no obstante, retirar\u00e1 aquellos enlaces que incluyan contenidos il\u00edcitos tan pronto como pueda conocerlo.<\/p>\n<p><strong>6. Propiedad Intelectual e Industrial.<\/strong><\/p>\n<p>El Usuario reconoce que todos los contenidos de la web y, en concreto, de toda la informaci\u00f3n y materiales, la estructura, selecci\u00f3n, ordenaci\u00f3n y prestaci\u00f3n de sus contenidos, programas y desarrollo de aplicaciones utilizados en relaci\u00f3n con ellos, est\u00e1n protegidos por derechos de propiedad intelectual e industrial propiedad del titular de la web o, en su caso, de terceros.<\/p>\n<p>En ning\u00fan caso el acceso a los mismos o su utilizaci\u00f3n por parte del Usuario implicar\u00e1 ning\u00fan tipo de renuncia, transmisi\u00f3n o cesi\u00f3n total ni parcial de dichos derechos, ni confiere ning\u00fan derecho de utilizaci\u00f3n, alteraci\u00f3n, explotaci\u00f3n, reproducci\u00f3n, distribuci\u00f3n o comunicaci\u00f3n p\u00fablica sobre dichos contenidos sin la previa y expresa autorizaci\u00f3n espec\u00edficamente otorgada a tal efecto por parte de Israel Portero Guti\u00e9rrez (ExtrePVC) o del tercero titular de los derechos afectados.<\/p>\n<p>Israel Portero Guti\u00e9rrez (ExtrePVC) es titular de los elementos que integran el dise\u00f1o gr\u00e1fico de su web, los men\u00fas, botones de navegaci\u00f3n, el c\u00f3digo, los textos, im\u00e1genes, texturas, gr\u00e1ficos y cualquier otro contenido de la p\u00e1gina web o, en otros casos, dispone de la correspondiente autorizaci\u00f3n para la utilizaci\u00f3n de dichos elementos.<\/p>\n<p>Todas las marcas, nombres comerciales o signos distintivos mostrados en esta p\u00e1gina son propiedad de Israel Portero Guti\u00e9rrez (ExtrePVC) y\/o de terceras empresas. Se proh\u00edbe usarlos o descargarlos permanentemente, copiarlos o distribuirlos por cualquier medio sin el preceptivo consentimiento de su titular.<\/p>\n<p>En el caso de que cualquier Usuario o un tercero consideren que cualquiera de los contenidos ha sido introducido en la web con violaci\u00f3n de sus derechos de Propiedad Intelectual o Industrial deber\u00e1 enviar una notificaci\u00f3n a Israel Portero Guti\u00e9rrez (ExtrePVC) identific\u00e1ndose a s\u00ed mismo y al titular de los derechos de propiedad intelectual o industrial supuestamente infringidos, aportando t\u00edtulo o acreditaci\u00f3n de la representaci\u00f3n de los mencionados derechos.<\/p>\n<p><strong>7. Protecci\u00f3n de datos.<\/strong><\/p>\n<p>En cumplimiento de lo dispuesto en el art\u00edculo 5 de la Ley Org\u00e1nica 15\/1999, de 13 de diciembre, de Protecci\u00f3n de Datos de Car\u00e1cter Personal (en adelante, \u00abLOPD\u00bb), Israel Portero Guti\u00e9rrez (ExtrePVC), le informa de que los datos de car\u00e1cter personal que nos ha proporcionado mediante la cumplimentaci\u00f3n de cualquier formulario electr\u00f3nico que aparece en nuestro Web Site, as\u00ed como aquellos datos a los que Israel Portero Guti\u00e9rrez (ExtrePVC) acceda como consecuencia de su navegaci\u00f3n, de la consulta, solicitud o contrataci\u00f3n de cualquier servicio o producto, o de cualquier transacci\u00f3n u operaci\u00f3n realizada a trav\u00e9s del Web https:\/\/www.extrepvc.com , ser\u00e1n recogidos en un fichero cuyo responsable es Israel Portero Guti\u00e9rrez (ExtrePVC) ante quien podr\u00e1 ejercer su derecho de acceso, rectificaci\u00f3n, cancelaci\u00f3n y oposici\u00f3n al tratamiento de sus datos personales, en los t\u00e9rminos y condiciones previstos en la propia LOPD.<\/p>\n<p>La no cumplimentaci\u00f3n de los campos obligatorios que aparecen en cualquier formulario de registro electr\u00f3nico podr\u00e1 tener como consecuencia que Israel Portero Guti\u00e9rrez (ExtrePVC) no pueda atender a su solicitud.<\/p>\n<p>Las finalidades de la recogida de sus datos personales son las que particularmente se indiquen en cada una de las p\u00e1ginas donde aparezca el formulario de registro electr\u00f3nico.<\/p>\n<p>Con car\u00e1cter general, los datos de car\u00e1cter personal que nos proporcione ser\u00e1n utilizados para atender sus solicitudes de informaci\u00f3n, as\u00ed como informarle sobre nuevas actividades, productos y servicios.<\/p>\n<p>El consentimiento para la comunicaci\u00f3n de datos de car\u00e1cter personal es revocable en cualquier momento, si bien no tendr\u00e1 efectos retroactivos. Si al completar sus datos en el correspondiente formulario ha manifestado su voluntad de recibir informaci\u00f3n a trav\u00e9s de correo electr\u00f3nico, consiente asimismo a que le remitamos comunicaciones comerciales por v\u00eda electr\u00f3nica seg\u00fan lo exigido por la Ley de Servicios de la Sociedad de la Informaci\u00f3n y del Comercio Electr\u00f3nico.<\/p>\n<p><strong>8. Confidencialidad.<\/strong><\/p>\n<p>Toda informaci\u00f3n que cualquiera de las partes comunique o facilite a la otra o a la que tengan acceso cualquiera de ellas, ser\u00e1 considerada confidencial y no podr\u00e1 ser divulgada, mostrada, reproducida, copiada, discutida con terceros, ni empleada por ninguna de las partes para fines ajenos a los que motivaron su comunicaci\u00f3n.<\/p>\n<p><strong>9. Legislaci\u00f3n aplicable y jurisdicci\u00f3n.<\/strong><\/p>\n<p>Las presentes Condiciones Generales se regir\u00e1n por lo dispuesto en la legislaci\u00f3n espa\u00f1ola. Para cuantas cuestiones pudieran suscitarse entre las partes en relaci\u00f3n con la interpretaci\u00f3n y ejecuci\u00f3n del presente documento, ambas partes acuerdan de forma expresa y con renuncia de cualquier otro fuero que pudiera corresponderles, a la jurisdicci\u00f3n de los Juzgados y Tribunales de Badajoz.<\/p>\n","protected":false},"excerpt":{"rendered":"<p>Aviso legal \u2013 Condiciones Generales de Uso 1. Introducci\u00f3n. El presente documento tiene como finalidad el establecer y regular las normas de uso del Sitio https:\/\/www.extrepvc.com (en adelante el \u00abSitio\u00bb), entendiendo por Sitio todas las p\u00e1ginas y sus contenidos propiedad de Israel Portero Guti\u00e9rrez (ExtrePVC) a las cuales se accede a trav\u00e9s del dominio https:\/\/www.extrepvc.com [&hellip;]<\/p>\n","protected":false},"author":1,"featured_media":0,"parent":0,"menu_order":0,"comment_status":"closed","ping_status":"closed","template":"","meta":{"footnotes":""},"class_list":["post-9","page","type-page","status-publish","hentry"],"_links":{"self":[{"href":"https:\/\/extrepvc.com\/index.php\/wp-json\/wp\/v2\/pages\/9","targetHints":{"allow":["GET"]}}],"collection":[{"href":"https:\/\/extrepvc.com\/index.php\/wp-json\/wp\/v2\/pages"}],"about":[{"href":"https:\/\/extrepvc.com\/index.php\/wp-json\/wp\/v2\/types\/page"}],"author":[{"embeddable":true,"href":"https:\/\/extrepvc.com\/index.php\/wp-json\/wp\/v2\/users\/1"}],"replies":[{"embeddable":true,"href":"https:\/\/extrepvc.com\/index.php\/wp-json\/wp\/v2\/comments?post=9"}],"version-history":[{"count":3,"href":"https:\/\/extrepvc.com\/index.php\/wp-json\/wp\/v2\/pages\/9\/revisions"}],"predecessor-version":[{"id":69,"href":"https:\/\/extrepvc.com\/index.php\/wp-json\/wp\/v2\/pages\/9\/revisions\/69"}],"wp:attachment":[{"href":"https:\/\/extrepvc.com\/index.php\/wp-json\/wp\/v2\/media?parent=9"}],"curies":[{"name":"wp","href":"https:\/\/api.w.org\/{rel}","templated":true}]}}